s divided by 87.
81
Calculate the remainder when 251 is divided by 23.
21
What is the remainder when 149 is divided by 15?
14
Calculate the remainder when 373 is divided by 47.
44
What is the remainder when 130 is divided by 77?
53
What is the remainder when 5365 is divided by 316?
309
Calculate the remainder when 564 is divided by 81.
78
What is the remainder when 128 is divided by 5?
3
Calculate the remainder when 105 is divided by 37.
31
What is the remainder when 3946 is divided by 25?
21
What is the remainder when 217 is divided by 76?
65
What is the remainder when 1253 is divided by 98?
77
What is the remainder when 2139 is divided by 195?
189
Calculate the remainder when 793 is divided by 80.
73
What is the remainder when 406 is divided by 21?
7
What is the remainder when 167 is divided by 12?
11
Calculate the remainder when 5738 is divided by 287.
285
Calculate the remainder when 666 is divided by 107.
24
Calculate the remainder when 98 is divided by 25.
23
Calculate the remainder when 965 is divided by 15.
5
What is the remainder when 2506 is divided by 114?
112
Calculate the remainder when 103 is divided by 35.
33
What is the remainder when 262 is divided by 19?
15
Calculate the remainder when 286 is divided by 74.
64
What is the remainder when 21013 is divided by 45?
43
What is the remainder when 758 is divided by 127?
123
What is the remainder when 15310 is divided by 22?
20
What is the remainder when 26 is divided by 1?
0
Calculate the remainder when 147 is divided by 10.
7
Calculate the remainder when 663 is divided by 168.
159
Calculate the remainder when 44 is divided by 9.
8
What is the remainder when 1411 is divided by 169?
59
Calculate the remainder when 20133 is divided by 8.
5
What is the remainder when 3007 is divided by 47?
46
What is the remainder when 1703 is divided by 31?
29
Calculate the remainder when 38 is divided by 6.
2
What is the remainder when 1159 is divided by 5?
4
Calculate the remainder when 7873 is divided by 358.
355
Calculate the remainder when 591 is divided by 9.
6
Calculate the remainder when 1917 is divided by 160.
157
Calculate the remainder when 163 is divided by 6.
1
Calculate the remainder when 198 is divided by 75.
48
What is the remainder when 755 is divided by 54?
53
What is the remainder when 1429 is divided by 163?
125
What is the remainder when 16 is divided by 4?
0
What is the remainder when 1526 is divided by 124?
38
Calculate the remainder when 727 is divided by 82.
71
What is the remainder when 145 is divided by 128?
17
What is the remainder when 72 is divided by 49?
23
What is the remainder when 739 is divided by 37?
36
What is the remainder when 26969 is divided by 31?
30
Calculate the remainder when 175 is divided by 112.
63
What is the remainder when 7251 is divided by 13?
10
Calculate the remainder when 689 is divided by 138.
137
Calculate the remainder when 64 is divided by 43.
21
Calculate the remainder when 694 is divided by 143.
122
What is the remainder when 1840 is divided by 41?
36
What is the remainder when 74 is divided by 38?
36
Calculate the remainder when 695 is divided by 37.
29
Calculate the remainder when 290 is divided by 102.
86
Calculate the remainder when 73 is divided by 30.
13
What is the remainder when 132 is divided by 28?
20
What is the remainder when 647 is divided by 209?
20
Calculate the remainder when 1380 is divided by 22.
16
Calculate the remainder when 84 is divided by 33.
18
Calculate the remainder when 332 is divided by 15.
2
What is the remainder when 74 is divided by 45?
29
Calculate the remainder when 86 is divided by 44.
42
What is the remainder when 1317 is divided by 267?
249
What is the remainder when 385 is divided by 144?
97
What is the remainder when 1366 is divided by 72?
70
What is the remainder when 266 is divided by 75?
41
Calculate the remainder when 1104 is divided by 9.
6
Calculate the remainder when 367 is divided by 62.
57
Calculate the remainder when 1385 is divided by 531.
323
Calculate the remainder when 93 is divided by 16.
13
What is the remainder when 368 is divided by 97?
77
What is the remainder when 702 is divided by 131?
47
What is the remainder when 718 is divided by 209?
91
Calculate the remainder when 130 is divided by 11.
9
What is the remainder when 73 is divided by 19?
16
What is the remainder when 1406 is divided by 15?
11
Calculate the remainder when 1042 is divided by 12.
10
Calculate the remainder when 86 is divided by 15.
11
What is the remainder when 228 is divided by 28?
4
Calculate the remainder when 1052 is divided by 39.
38
What is the remainder when 284 is divided by 73?
65
Calculate the remainder when 324 is divided by 152.
20
Calculate the remainder when 833 is divided by 91.
14
What is the remainder when 464 is divided by 117?
113
Calculate the remainder when 43 is divided by 28.
15
What is the remainder when 147 is divided by 30?
27
Calculate the remainder when 6343 is divided by 61.
60
Calculate the remainder when 9471 is divided by 74.
73
What is the remainder when 5767 is divided by 303?
10
Calculate the remainder when 2517 is divided by 15.
12
What is the remainder when 208 is divided by 30?
28
Calculate the remainder when 1077 is divided by 154.
153
What is the remainder when 92 is divided by 33?
26
What is the remainder when 909 is divided by 16?
13
What is the remainder when 192 is divided by 80?
32
Calculate the remainder when 1267 is divided by 33.
13
Calculate the remainder when 101 is divided by 9.
2
Calculate the remainder when 29 is divided by 14.
1
Calculate the remainder when 515 is divided by 136.
107
What is the remainder when 225 is divided by 133?
92
What is the remainder when 9 is divided by 5?
4
What is the remainder when 2386 is divided by 170?
6
What is the remainder when 486 is divided by 35?
31
Calculate the remainder when 488 is divided by 64.
40
Calculate the remainder when 68 is divided by 19.
11
What is the remainder when 550 is divided by 44?
22
What is the remainder when 6200 is divided by 39?
38
What is the remainder when 753 is divided by 63?
60
Calculate the remainder when 632 is divided by 23.
11
What is the remainder when 323 is divided by 58?
33
Calculate the remainder when 641 is divided by 217.
207
Calculate the remainder when 234 is divided by 34.
30
What is the remainder when 350 is divided by 3?
2
Calculate the remainder when 161 is divided by 27.
26
Calculate the remainder when 965 is divided by 321.
2
Calculate the remainder when 282 is divided by 41.
36
What is the remainder when 4940 is divided by 9?
8
Calculate the remainder when 354 is divided by 20.
14
What is the remainder when 662 is divided by 16?
6
What is the remainder when 594 is divided by 98?
6
Calculate the remainder when 218 is divided by 108.
2
What is the remainder when 297 is divided by 15?
12
What is the remainder when 552 is divided by 51?
42
Calculate the remainder when 978 is divided by 121.
10
Calculate the remainder when 93 is divided by 53.
40
Calculate the remainder when 2138 is divided by 107.
105
What is the remainder when 127 is divided by 31?
3
What is the remainder when 467 is divided by 68?
59
What is the remainder when 618 is divided by 158?
144
Calculate the remainder when 155 is divided by 139.
16
Calculate the remainder when 78 is divided by 30.
18
What is the remainder when 1656 is divided by 21?
18
What is the remainder when 2680 is divided by 1326?
28
What is the remainder when 654 is divided by 223?
208
What is the remainder when 208 is divided by 71?
66
What is the remainder when 32427 is divided by 94?
91
What is the remainder when 348 is divided by 72?
60
Calculate the remainder when 1087 is divided by 34.
33
Calculate the remainder when 29 is divided by 7.
1
What is the remainder when 2973 is divided by 175?
173
What is the remainder when 5073 is divided by 254?
247
Calculate the remainder when 559 is divided by 80.
79
What is the remainder when 166 is divided by 95?
71
Calculate the remainder when 1016 is divided by 15.
11
What is the remainder when 446 is divided by 32?
30
Calculate the remainder when 10367 is divided by 128.
127
Calculate the remainder when 759 is divided by 38.
37
Calculate the remainder when 1364 is divided by 18.
14
Calculate the rema